rs of 23769.
3, 19, 139
What are the prime factors of 3889?
3889
What are the prime factors of 13105?
5, 2621
List the prime factors of 4297.
4297
List the prime factors of 25828.
2, 11, 587
What are the prime factors of 2097?
3, 233
List the prime factors of 72443.
7, 79, 131
List the prime factors of 12820.
2, 5, 641
What are the prime factors of 25086?
2, 3, 37, 113
List the prime factors of 2506.
2, 7, 179
What are the prime factors of 92147?
11, 8377
List the prime factors of 622.
2, 311
What are the prime factors of 8113?
7, 19, 61
List the prime factors of 31224.
2, 3, 1301
What are the prime factors of 7383?
3, 23, 107
List the prime factors of 7871.
17, 463
List the prime factors of 107204.
2, 26801
What are the prime factors of 1682?
2, 29
List the prime factors of 117676.
2, 13, 31, 73
List the prime factors of 906.
2, 3, 151
What are the prime factors of 1270?
2, 5, 127
What are the prime factors of 319?
11, 29
What are the prime factors of 18194?
2, 11, 827
What are the prime factors of 734?
2, 367
What are the prime factors of 31?
31
What are the prime factors of 4?
2
What are the prime factors of 10553?
61, 173
List the prime factors of 10493.
7, 1499
What are the prime factors of 4546?
2, 2273
What are the prime factors of 48155?
5, 9631
What are the prime factors of 3855?
3, 5, 257
List the prime factors of 4816.
2, 7, 43
What are the prime factors of 414?
2, 3, 23
List the prime factors of 2176.
2, 17
What are the prime factors of 7275?
3, 5, 97
List the prime factors of 2044.
2, 7, 73
List the prime factors of 113362.
2, 56681
List the prime factors of 74182.
2, 29, 1279
List the prime factors of 24861.
3, 8287
List the prime factors of 31324.
2, 41, 191
What are the prime factors of 6335?
5, 7, 181
What are the prime factors of 5451?
3, 23, 79
What are the prime factors of 249?
3, 83
List the prime factors of 99646.
2, 49823
List the prime factors of 1509.
3, 503
What are the prime factors of 278?
2, 139
List the prime factors of 118142.
2, 19, 3109
List the prime factors of 1879.
1879
What are the prime factors of 12724?
2, 3181
List the prime factors of 29486.
2, 23, 641
What are the prime factors of 6723?
3, 83
List the prime factors of 36194.
2, 18097
List the prime factors of 333.
3, 37
What are the prime factors of 16493?
16493
List the prime factors of 20427.
3, 11, 619
What are the prime factors of 65440?
2, 5, 409
List the prime factors of 4629.
3, 1543
List the prime factors of 1494.
2, 3, 83
List the prime factors of 5537.
7, 113
What are the prime factors of 567?
3, 7
List the prime factors of 1675.
5, 67
What are the prime factors of 6124?
2, 1531
What are the prime factors of 48554?
2, 11, 2207
What are the prime factors of 105090?
2, 3, 5, 31, 113
What are the prime factors of 17017?
7, 11, 13, 17
What are the prime factors of 37508?
2, 9377
What are the prime factors of 905?
5, 181
List the prime factors of 168400.
2, 5, 421
List the prime factors of 86.
2, 43
List the prime factors of 369.
3, 41
What are the prime factors of 12335?
5, 2467
List the prime factors of 14096.
2, 881
List the prime factors of 35585.
5, 11, 647
What are the prime factors of 183?
3, 61
What are the prime factors of 5083?
13, 17, 23
What are the prime factors of 81?
3
What are the prime factors of 14337?
3, 59
What are the prime factors of 2392?
2, 13, 23
What are the prime factors of 27372?
2, 3, 2281
What are the prime factors of 4244?
2, 1061
What are the prime factors of 11722?
2, 5861
List the prime factors of 681.
3, 227
List the prime factors of 401.
401
What are the prime factors of 29755?
5, 11, 541
List the prime factors of 2768.
2, 173
List the prime factors of 163.
163
List the prime factors of 8523.
3, 947
What are the prime factors of 72063?
3, 17, 157
What are the prime factors of 6793?
6793
What are the prime factors of 34744?
2, 43, 101
What are the prime factors of 28358?
2, 11, 1289
What are the prime factors of 4166?
2, 2083
List the prime factors of 7436.
2, 11, 13
What are the prime factors of 8095?
5, 1619
What are the prime factors of 3675?
3, 5, 7
What are the prime factors of 4103?
11, 373
List the prime factors of 10882.
2, 5441
What are the prime factors of 53490?
2, 3, 5, 1783
What are the prime factors of 18826?
2, 9413
List the prime factors of 1979.
1979
What are the prime factors of 6361?
6361
List the prime factors of 1599.
3, 13, 41
What are the prime factors of 1871?
1871
List the prime factors of 161.
7, 23
List the prime factors of 12997.
41, 317
What are the prime factors of 1343?
17, 79
List the prime factors of 39950.
2, 5, 17, 47
What are the prime factors of 331?
331
List the prime factors of 359.
359
List the prime factors of 6305.
5, 13, 97
List the prime factors of 15852.
2, 3, 1321
List the prime factors of 9653.
7, 197
What are the prime factors of 496?
2, 31
List the prime factors of 43984.
2, 2749
What are the prime factors of 36?
2, 3
List the prime factors of 16109.
89, 181
List the prime factors of 10010.
2, 5, 7, 11, 13
List the prime factors of 999.
3, 37
What are the prime factors of 811?
811
What are the prime factors of 1198?
2, 599
What are the prime factors of 12398?
2, 6199
List the prime factors of 111571.
17, 6563
List the prime factors of 469.
7, 67
List the prime factors of 1597.
1597
List the prime factors of 219.
3, 73
What are the prime factors of 22123?
22123
List the prime factors of 3323.
3323
List the prime factors of 41662.
2, 37, 563
List the prime factors of 801.
3, 89
What are the prime factors of 12047?
7, 1721
List the prime factors of 76628.
2, 19157
What are the prime factors of 2149?
7, 307
What are the prime factors of 983?
983
What are the prime factors of 10789?
10789
List the prime factors of 3538.
2, 29, 61
List the prime factors of 2141.
2141
List the prime factors of 63834.
2, 3, 10639
What are the prime factors of 95701?
95701
List the prime factors of 2565.
3, 5, 19
What are the prime factors of 10909?
10909
What are the prime factors of 9824?
2, 307
What are the prime factors of 27328?
2, 7, 61
List the prime factors of 188.
2, 47
What are the prime factors of 6914?
2, 3457
List the prime factors of 5853.
3, 1951
What are the prime factors of 4977?
3, 7, 79
What are the prime factors of 9795?
3, 5, 653
List the prime factors of 2283.
3, 761
List the prime factors of 22562.
2, 29, 389
List the prime factors of 716.
2, 179
What are the prime factors of 2330?
2, 5, 233
What are the prime factors of 18323?
73, 251
What are the prime factors of 1562?
2, 11, 71
List the prime factors of 36751.
11, 13, 257
What are the prime factors of 2612?
2, 653
What are the prime factors of 67005?
3, 5, 1489
What are the prime factors of 21641?
17, 19, 67
What are the prime factors of 2005?
5, 401
List the prime factors of 6097.
7, 13, 67
What are the prime factors of 18497?
53, 349
What are the prime factors of 86161?
86161
What are the prime factors of 4487?
7, 641
List the prime factors of 26230.
2, 5, 43, 61
What are the prime factors of 37148?
2, 37, 251
List the prime factors of 10862.
2, 5431
List the prime factors of 467.
467
List the prime factors of 148.
2, 37
What are the prime factors of 57883?
7, 8269
List the prime factors of 61119.
3, 6791
List the prime factors of 2705.
5, 541
What are the prime factors of 96?
2, 3
What are the prime factors of 1711?
29, 59
List the prime factors of 11520.
2, 3, 5
List the prime factors of 802.
2, 401
List the prime factors of 1070.
2, 5, 107
List the prime factors of 200398.
2, 11, 9109
What are the prime factors of 424?
2, 53
List the prime factors of 2004.
2, 3, 167
What are the prime factors of 8704?
2, 17
What are the prime factors of 619?
619
List the prime factors of 35.
5, 7
List the prime factors of 1313.
13, 101
List the prime factors of 53203.
83, 641
What are the prime factors of 991?
991
List the prime factors of 1062.
2, 3, 59
List the prime factors of 3186.
2, 3, 59
List the prime factors of 2397.
3, 17, 47
What are the prime factors of 738?
2, 3, 41
List the prime factors of 139434.
2, 3, 17, 1367
What are the prime factors of 2017?
2017
What are the prime factors of 2872?
2, 359
List the prime factors of 379.
379
List the prime factors of 134521.
17, 41, 193
What are the prime factors of 103